e remainder when s is divided by 32.
29
Suppose -8 = -3*m + 4*m. Let r(b) = b**2 + 8*b + 6. What is the remainder when 21 is divided by r(m)?
3
Let a = 354 + -114. Calculate the remainder when 34 is divided by a/28 - 9/(-21).
7
Let d = 15 + -13. Let r(w) = 6*w**2 - 1. Calculate the remainder when r(1) is divided by d.
1
Let v(m) = -m**2 - 11*m + 2. Let q be 19/4 + 1/4. Suppose -3 = -q*i + 7, -i - 64 = -3*x. What is the remainder when x is divided by v(-10)?
10
Let k(p) = p - 4. Let w be k(3). What is the remainder when ((-84)/(-2))/2 - w is divided by (-9)/(-1) - (-1)/(-1)?
6
Let d(n) = -n**3 - 2*n**2 - 4. Calculate the remainder when 22 + (-5)/20 + 55/(-20) is divided by d(-3).
4
Suppose -3*u - 1 = -10. Let l be (-2 + 6)*u/3. What is the remainder when l/18 - (-230)/18 is divided by 7?
6
Suppose -5*s + 21 + 89 = 0. Calculate the remainder when s is divided by 8.
6
Suppose 4 = -2*o + 176. Calculate the remainder when o is divided by 29.
28
Suppose -4*g = -i - 7 + 85, -12 = 4*g. What is the remainder when i is divided by 17?
15
Let k = 99 + -18. What is the remainder when k is divided by 22?
15
Suppose 0*z = -4*z + 32. Calculate the remainder when z is divided by (1 + -1 + -3)/(-1).
2
Suppose 4*u = -0*u + 36. Let t = 19 - u. Calculate the remainder when 18 is divided by t.
8
Let k(b) = -b**3 + 2*b**2 + 3*b + 11. Calculate the remainder when k(-3) is divided by 12.
11
Let w = -20 - -23. Suppose -2*v = w*v - 85. Calculate the remainder when v is divided by 10.
7
Suppose 0 = u + 4 - 2. Calculate the remainder when (-64)/u - -1*2 is divided by 18.
16
Suppose 2*w + 0*w = 3*t - 6, -4*w = -12. Let p(h) = 7*h - 3. What is the remainder when p(2) is divided by t?
3
Suppose 3*y - 11 = -5, -2*u + 28 = 4*y. Suppose -4*t + 5*i = -3*t + 6, i - 5 = 0. Calculate the remainder when t is divided by u.
9
Suppose -j - 96 = -3*u, 0*u - j - 160 = -5*u. What is the remainder when u is divided by 9?
5
Calculate the remainder when (-2 + 52/6)*3 is divided by 8.
4
Let l be (3/(9/15))/(-1). What is the remainder when 6/l*(-30)/1 is divided by 19?
17
Let z be (-2 - -3)*(-2 + 1). Calculate the remainder when 6 is divided by -3 + (z - -5) + 1.
0
What is the remainder when (53 + 1)/((-75)/(-100)) is divided by 27?
18
Suppose 118 = -o + 3*o. What is the remainder when o is divided by 12?
11
Suppose -3*t + 4*c + 1 = -47, 2*t - 5*c - 32 = 0. What is the remainder when t is divided by 9?
7
Let f = 23 + 1. What is the remainder when 37 is divided by f?
13
Suppose 2*k = 4*k - 124. Let n(i) = -16*i. Let t(a) = -a + 3. Let z be t(4). What is the remainder when k is divided by n(z)?
14
Let h = 29 - 4. Suppose 3*q - h - 104 = 0. Suppose 5*x - q - 2 = 0. What is the remainder when 26 is divided by x?
8
Let k = 37 + -15. Calculate the remainder when 63 is divided by k.
19
Let r be (-4)/(-10) + 46/10. Let u(d) = -d + 5. Let m be u(r). Suppose h + 2 = -5*f - 0, m = 4*h - 3*f - 107. Calculate the remainder when h is divided by 13.
10
Suppose g + 0 - 24 = -2*l, 4*l + g - 50 = 0. Suppose -4*f + 3*f - 15 = 0. Let z = 22 + f. Calculate the remainder when l is divided by z.
6
Let h = 160 - 138. What is the remainder when 85 is divided by h?
19
Let d(q) = -q**3 + 9*q**2 - 6*q + 15. Calculate the remainder when d(8) is divided by 16.
15
What is the remainder when (-1197)/(-45) + 2/5 is divided by 3?
0
Let t = -7 + 20. Suppose 2*v + 56 = 6*v. Let a = v + 10. What is the remainder when a is divided by t?
11
Suppose -8*j + 3*j = -40. Suppose 37 = 3*z - j. What is the remainder when 27 is divided by z?
12
What is the remainder when 46*1*1/2 is divided by 3 + -1 + (2 - -2)?
5
Suppose 2*a - 7*a = -185. What is the remainder when a is divided by ((-104)/(-12))/((-4)/(-6))?
11
Let t = -15 - -28. Suppose 0 = -3*i - 0 + 9. Suppose g - 9 = -i*x + 4*g, 5*g = x + 5. Calculate the remainder when t is divided by x.
3
Suppose 0 = 4*m + 5*r - 43 - 8, -2*m = 2*r - 26. Calculate the remainder when 38 is divided by m.
10
Let p(z) = -3*z**3 - 4*z - 5. Suppose 0 = 3*b - 57 - 33. What is the remainder when p(-3) is divided by b?
28
Let p(v) = v + 1. Let g(h) = h**2 + 9*h - 5. Let m(q) = g(q) - 5*p(q). What is the remainder when m(-8) is divided by 14?
8
Let w(i) = i**2 - 4*i + 4. Let c be w(3). Let u be (c - (-14)/(-10))*-75. Let h = 5 + u. Calculate the remainder when h is divided by 12.
11
Let s be (1/(-1) - 1)*-1. Let u(f) = -4 + 1 + 8 - s*f. Calculate the remainder when u(-7) is divided by 7.
5
Let w = -7 - -6. What is the remainder when w/(-4) + 1539/36 is divided by 22?
21
Calculate the remainder when 109 is divided by 14/(-35) - 336/(-15).
21
Suppose -3*j = 4*p, p + 2*j = -0*p. Suppose p = 2*u - 14 - 0. Calculate the remainder when u is divided by 4.
3
Let i = 93 - 89. Calculate the remainder when 12 is divided by i.
0
Suppose -t = t - 54. What is the remainder when t is divided by 15?
12
Let q = 19 - 7. Let h = q - 7. Calculate the remainder when 9 is divided by h.
4
Let h = -3 + 2. What is the remainder when (h + (-3)/(-2))*34 is divided by (4 - (0 + 1))*2?
5
Let t = -2 + 6. Suppose 3*j + j - m = 174, 4*j - 164 = -t*m. What is the remainder when j is divided by 15?
13
What is the remainder when 3 + (-5)/((-5)/247) is divided by 23?
20
Let w be (-5 + 2)/(9/(-6)). Suppose -5*f + w*z = -108, z + 14 = 2*f - 30. Calculate the remainder when f is divided by 7.
6
Let b = 44 - -37. What is the remainder when b is divided by 17?
13
Let a(t) = 6*t + 5. Let i be a(4). Suppose o + 9 = c + 6*o, -2*c = -o - i. What is the remainder when 41 is divided by c?
13
Let i = -18 + 38. Calculate the remainder when 59 is divided by i.
19
Let i(l) = -4*l - 10. Calculate the remainder when i(-6) is divided by (16/12 - 2)*-6.
2
Let v = -7 + 5. Let k(g) be the third derivative of g**6/120 + g**5/30 - g**4/24 + g**3/6 + 3*g**2. Calculate the remainder when k(v) is divided by 2.
1
Calculate the remainder when 18*2/(-6)*-8 is divided by 17.
14
Suppose -m = -4*n + 14, -4*n + 0 = 3*m - 22. Suppose -5*d + m*v = 5*v - 167, v = -2*d + 66. What is the remainder when d is divided by 8?
7
Suppose -9*k + 137 - 2 = 0. What is the remainder when 58 is divided by k?
13
Suppose -3 = -o + y, -5*y + 0 = -4*o + 12. Suppose 2*q - 59 = -o*n, 5*n - 73 = -3*q + 14. What is the remainder when q is divided by 9?
7
Let m(c) = c + 4. Let j be m(-6). What is the remainder when 34*j*(-3)/12 is divided by 9?
8
Let a(g) = -g**2 + 8*g + 33. What is the remainder when 43 is divided by a(10)?
4
Suppose -6 + 2 = -o + 2*n, 3*o = -5*n + 34. Suppose -u - 4*d = -19 + 1, -d - o = -u. What is the remainder when 39 is divided by u?
9
Suppose 3*i - 44 = -2*r, -5*r = 5*i + 20 - 85. What is the remainder when 88 is divided by i?
16
Suppose -j + 0*j + 10 = 0. Calculate the remainder when j is divided by 6.
4
Let d = 106 + -60. What is the remainder when d is divided by 12?
10
Suppose -2*p = 2*p + 4*v - 20, -p + 2*v = 4. Calculate the remainder when 5 is divided by p.
1
Let k = 10 - 10. Suppose k = 4*h - h - 72. Calculate the remainder when h is divided by 13.
11
Suppose 7*j - 10*j + 33 = 0. Calculate the remainder when (-25)/2*(-16)/10 is divided by j.
9
Suppose -3*c + 15 + 57 = 0. Calculate the remainder when c is divided by 13.
11
Calculate the remainder when 12/(-42) + 226/7 is divided by 12.
8
Let d be (-68)/(-6) + (-4)/(-6). Suppose 2*h - 5*h + d = 0. Let x(f) = 8*f**2 - f - 2. Calculate the remainder when x(-1) is divided by h.
3
Suppose -2*j + 57 = -j. Suppose -3*a = 21 - j. What is the remainder when 45 is divided by a?
9
Let h = 39 - 27. Calculate the remainder when h is divided by ((-133)/57)/((-2)/6).
5
Let i = -524 + 829. Suppose -c = t - 69, -2*c = 3*c - 5*t - i. Calculate the remainder when c is divided by 17.
14
Suppose -2*l - 10 = -48. Let n = -16 + 28. Suppose 0 = 2*t - 3*z + 1, 2*z - 1 + n = 3*t. What is the remainder when l is divided by t?
5
Suppose -2*t + 7 = 1. Suppose -4*m = t*y + 5 - 1, -5*m - 5 = 3*y. Suppose y*f = f - 4*w - 43, 2*f + 2*w - 46 = 0. What is the remainder when f is divided by 15?
12
Suppose 0 = m + 5*x - 32, -17 = -4*x + 3. Let z(b) = -b**3 + 8*b**2 - 5*b - 1. Calculate the remainder when z(7) is divided by m.
6
Suppose -3*g = 3*t - 4*g - 85, -105 = -3*t - 3*g. Let a = -20 + t. Calculate the remainder when a is divided by 6.
4
Suppose 8*n